{"id":231,"date":"2020-09-19T10:33:17","date_gmt":"2020-09-19T10:33:17","guid":{"rendered":"https:\/\/bakkefrydgaard.dk\/?page_id=231"},"modified":"2024-06-04T08:23:48","modified_gmt":"2024-06-04T08:23:48","slug":"bestyrelsen","status":"publish","type":"page","link":"https:\/\/bakkefrydgaard.dk\/?page_id=231","title":{"rendered":"Bestyrelsen"},"content":{"rendered":"\n<p>Bestyrelsen har siden bestyrelsesm\u00f8det 5. maj 2024 best\u00e5et af f\u00f8lgende:<\/p>\n\n\n\n<p><em>Formand<\/em><br><strong>Annette Dindorp<\/strong><br>Sommerhusadresse: N. P. Nielsens Vej 4, 3220 Tisvildeleje<\/p>\n\n\n\n<p><em>Kasserer<\/em><br><strong>Lis Ingerslev<\/strong><br>Sommerhusadresse: Kl\u00f8vervej 6, 3220 Tisvildeleje<\/p>\n\n\n\n<p><em>Bestyrelsesmedlem<\/em><br><strong>Bent Johannsen<\/strong><br>Sommerhusadresse: Kl\u00f8vervej 4, 3220 Tisvildeleje<\/p>\n\n\n\n<p><em>Bestyrelsesmedlem<\/em><br><strong>Nils Hein<\/strong><br>Sommerhusadresse: N. P. Nielsens Vej 9, 3220 Tisvildeleje<\/p>\n\n\n\n<p><em>N\u00e6stformand<\/em><br><strong>Peter Weincke<\/strong><br>Sommerhusadresse: Kl\u00f8vervej 8, 3220 Tisvildeleje<\/p>\n","protected":false},"excerpt":{"rendered":"<p>Bestyrelsen har siden bestyrelsesm\u00f8det 5. maj 2024 best\u00e5et af f\u00f8lgende: FormandAnnette DindorpSommerhusadresse: N. P. Nielsens Vej 4, 3220 Tisvildeleje KassererLis IngerslevSommerhusadresse: Kl\u00f8vervej 6, 3220 Tisvildeleje BestyrelsesmedlemBent JohannsenSommerhusadresse: Kl\u00f8vervej 4, 3220 Tisvildeleje BestyrelsesmedlemNils HeinSommerhusadresse: N. P. Nielsens Vej 9, 3220 Tisvildeleje &hellip; <a href=\"https:\/\/bakkefrydgaard.dk\/?page_id=231\">L\u00e6s resten <span class=\"meta-nav\">&rarr;<\/span><\/a><\/p>\n","protected":false},"author":1,"featured_media":0,"parent":0,"menu_order":0,"comment_status":"closed","ping_status":"closed","template":"sidebar-page.php","meta":{"footnotes":""},"class_list":["post-231","page","type-page","status-publish","hentry"],"_links":{"self":[{"href":"https:\/\/bakkefrydgaard.dk\/index.php?rest_route=\/wp\/v2\/pages\/231","targetHints":{"allow":["GET"]}}],"collection":[{"href":"https:\/\/bakkefrydgaard.dk\/index.php?rest_route=\/wp\/v2\/pages"}],"about":[{"href":"https:\/\/bakkefrydgaard.dk\/index.php?rest_route=\/wp\/v2\/types\/page"}],"author":[{"embeddable":true,"href":"https:\/\/bakkefrydgaard.dk\/index.php?rest_route=\/wp\/v2\/users\/1"}],"replies":[{"embeddable":true,"href":"https:\/\/bakkefrydgaard.dk\/index.php?rest_route=%2Fwp%2Fv2%2Fcomments&post=231"}],"version-history":[{"count":7,"href":"https:\/\/bakkefrydgaard.dk\/index.php?rest_route=\/wp\/v2\/pages\/231\/revisions"}],"predecessor-version":[{"id":640,"href":"https:\/\/bakkefrydgaard.dk\/index.php?rest_route=\/wp\/v2\/pages\/231\/revisions\/640"}],"wp:attachment":[{"href":"https:\/\/bakkefrydgaard.dk\/index.php?rest_route=%2Fwp%2Fv2%2Fmedia&parent=231"}],"curies":[{"name":"wp","href":"https:\/\/api.w.org\/{rel}","templated":true}]}}